?
True
Suppose 0 = 26*d - 14*d - 240. Is (4910/d)/((-2)/(-4)) prime?
True
Suppose 0 = -3*j - 4*i + 5*i - 5, -3*j - 4*i = 10. Is (3/j)/(3 + 105147/(-35042)) a composite number?
False
Let s(f) = f**3 - 3*f**2 - 4*f + 5. Let x be s(4). Suppose -4*k = -x*k + 703. Is k a prime number?
False
Let t be (2/3)/((-5)/15). Let x be -1*(t + (-4)/(-2)). Is (1 + -707 + x)*(-12)/24 a composite number?
False
Is (-5 + -1)*(120073/(-6) + -14) prime?
True
Let m = 31 + -23. Suppose u - m = 2*b, 2*b - 1 = -2*u - 3. Suppose 2*l = -a - 439 + 4486, 0 = 2*l + u*a - 4042. Is l prime?
False
Suppose 4*u + 27 = 7*u. Suppose 9 = c + 2*o - u, -5*o = -3*c - 1. Let w(g) = 5*g**3 - 4*g**2 + 3*g - 7. Is w(c) a composite number?
True
Suppose 19*b + 128 = 51*b. Suppose -f - 3*x + 5143 = -8*x, -5*x = b*f - 20672. Is f prime?
False
Let a(k) = 126*k**2 - 7*k + 162. Is a(-37) a composite number?
True
Suppose 6406*x + 3572426 = 6416*x + 385116. Is x composite?
True
Let p(z) be the second derivative of -3*z**2 - 313/6*z**3 + 0 - 11*z. Is p(-1) composite?
False
Let m = 4 + 15. Let s(y) = 4 + m + 1 + 1 - 48*y. Is s(-11) a prime number?
False
Let f be (-8 - -7)*(0 - -2)*-8. Suppose -f*q + 33238 = 9030. Is q prime?
False
Let r(z) = 6446*z - 5703. Is r(112) prime?
True
Let s(g) = -11476*g + 459. Is s(-5) a composite number?
False
Let x(u) = -7*u + 8262 + 8260 - 16489 + 15*u**2. Let i = 18 - 1. Is x(i) a prime number?
False
Suppose -5*a - 34 - 36 = 0. Let i be 4038/(-15)*7 - a/35. Let w = i - -4325. Is w composite?
False
Suppose 19*a - 4*d - 158 = 24*a, 5*d - 15 = 0. Is 102/(-867) - 13706/a composite?
True
Let m(l) = 7843*l + 338. Is m(3) prime?
False
Let s be (4/(-5))/(3/60). Let b(q) be the third derivative of -q**6/120 - 4*q**5/15 - 5*q**4/24 - q**3/2 + 4461*q**2. Is b(s) composite?
True
Let x(v) = -50*v + 120*v + 31*v**2 - 56*v - 29. Is x(2) composite?
True
Suppose -4*z - 35704 + 180110 = -2*g, 4*z + 3*g = 144421. Is z composite?
True
Let h be (3*(-281)/(-12))/((-4)/(-16)). Suppose -b + 696 = -h. Is b a prime number?
True
Let x = -125622 + 203449. Is x composite?
True
Let c be ((-6)/(-7))/(16/7 + -2). Suppose -10 = 7*t - 9*t, -4*t = c*g - 11519. Is g a composite number?
False
Let u be (-18)/(-63) + (-234)/(-14). Suppose 10*j - 27*j + u = 0. Is (j/2)/((-6)/(-23028) + 0) prime?
False
Let l = 197861 + -130426. Is l prime?
False
Suppose 0*b - 34 = -17*b. Suppose -b*u = -q - 0*u + 13073, 3*q - 5*u = 39217. Is q a prime number?
False
Let a(f) = -3*f**2 - 8*f + 4. Let s(r) = r**2 + 9*r - 6. Let p(d) = -6*a(d) - 5*s(d). Is p(4) a composite number?
True
Let r be (-28*1/(-3))/(10/15). Suppose 0 = -g + a + 15, -2*g + r = -4*a - 12. Is g/51 + 1190/3 prime?
True
Let a(i) = -5*i**3 + 10*i**2 - 4*i + 10. Let m(c) = -c**3 + 21 + 2*c**2 - 7*c - 9*c**3 + 19*c**2 - c. Let b(q) = -5*a(q) + 2*m(q). Is b(7) a prime number?
False
Suppose -3*r + 3*k + 1785129 = 0, -4*r - 2*k + 595025 = -3*r. Is r a prime number?
True
Suppose -494764 = 109*a - 113*a - x, -5*a = -x - 618455. Is a a composite number?
True
Suppose 78*m - 153*m - 1371295 = -80*m. Is m composite?
False
Let i(t) = t**2 + 17*t**3 + 3*t**3 - 7 - t + 5*t - t. Suppose 0*r - 7*r = -21. Is i(r) composite?
True
Is 1/4 + (12884067/140 - 6/20) composite?
True
Let x(z) = 2*z - 2. Let b be x(0). Let g be ((-16)/b)/4 - 10. Is 2/4 + ((-14884)/g - 0) composite?
False
Let n be 0 + 0/(-4 + 7). Suppose 0 = 21*q - n*q - 90867. Is q a composite number?
False
Let o = 338565 + -137404. Is o a prime number?
False
Suppose -26*f = -28*f + 30. Suppose c = 5*k + 1 + 2, 3*c + f = 3*k. Let r(h) = -9*h - 20. Is r(c) a prime number?
True
Suppose 4*m = -u - 93, -3*m = u - 3*u - 131. Let h = -71 - u. Suppose -3*s = 2*c - 4033, -2*s = h*c - 700 - 1986. Is s a composite number?
True
Let b(k) = -k**2 + 35*k - 29. Let c be b(31). Let n = c + -83. Suppose -n*y - 483 = -19*y. Is y a prime number?
False
Suppose -3*d + 5*y = 44923, -2*d + 1548 - 31495 = -5*y. Let b = 40845 + d. Is b composite?
True
Let i = 208 + -205. Suppose i*x = -5792 + 100199. Is x a composite number?
False
Let n(i) = -3*i + 24. Suppose -4*h = j + 4, 2*h + 18 - 58 = 3*j. Let m be n(j). Let y = m + -34. Is y a composite number?
True
Let f(t) = 928*t**2 - 3*t - 80. Is f(9) a prime number?
False
Let r = -504 + 480. Is (-4)/r*-3*-2942 prime?
True
Let x = -3960 - -3963. Suppose 4*h - 4*j + 2*j = 594, h - 3*j = 151. Let g = h - x. Is g a composite number?
True
Let f(b) = -36*b - 3. Suppose -32 = -g - 3. Let z = -33 + g. Is f(z) a composite number?
True
Let i be (375/500)/(-2*(-1)/8). Suppose 2*u + 402 = 5*u. Let c = u - i. Is c composite?
False
Let y(m) = 838*m - 10 + 686*m + 621*m - 15. Is y(2) a prime number?
False
Suppose -89*i + 90*i = 2. Suppose -3*f = -4*a + 2*f + 16589, i*a + 2*f = 8308. Is a a prime number?
False
Is ((-82)/205)/(8/(-7437940)) prime?
True
Suppose 74*b + 9*b - 26366450 = -27*b. Is b prime?
False
Is (-3)/(-11) + 344938200/3300 a prime number?
True
Suppose 9*z - 82484 = -4*i + 13*z, 0 = 5*i - 2*z - 103090. Suppose 0 = 8*n - 32*n + i. Is n a composite number?
False
Suppose -648935 = -4*t - 5*x, 4*t - 324500 = 2*t + 4*x. Is t/36 + (-1)/(-3) a prime number?
True
Let j(w) = 204*w - 49. Let t be 3*(-5)/(-3) + (0 - 1). Is j(t) a composite number?
True
Let g be 17 - 7 - 9/(-3). Suppose -2*j = -g*j + 195613. Is j composite?
False
Suppose 218704 = w - p, -w + 25545 + 193145 = -3*p. Is w a composite number?
False
Let b be 101/(-5) + (-1)/(-5). Let x = 19 + b. Let t(n) = 95*n**2 - n - 2. Is t(x) a prime number?
False
Let l(s) = s**3 - 19*s**2 + 19*s - 20. Suppose -73 = -4*p + g, 3*g + 2*g = -2*p + 31. Let x be l(p). Is 3*((-11)/(-33))/(x/(-446)) a prime number?
True
Suppose -1908*m + 1840*m + 15268631 + 1224837 = 0. Is m a prime number?
True
Let p(q) = -q**2 + 12*q + 4. Suppose x = -5*m + 51, -14 = -2*m - 0*m - 2*x. Let w be p(m). Suppose -6*d = -w*d + 1467. Is d composite?
False
Suppose 3*u + 10 = 13. Let v(p) = 9522*p**3 + 2*p**2 - p - 2. Is v(u) a composite number?
False
Suppose -5*c + 4*x - 1543 = 0, 0 = -2*c - 2*x - 864 + 236. Let n = 1442 - 388. Let k = c + n. Is k a prime number?
True
Let h be 250108/14 - (-16)/112. Suppose -5*m + 2*t + 29789 = 0, -3*m = -11*t + 7*t - h. Is m a prime number?
False
Suppose 2*s + 4*v + 408 = 0, 1005 = -9*s + 4*s + 5*v. Let u = 1001 + s. Let z = u - 478. Is z composite?
True
Suppose 6*g - 167 + 137 = 0. Suppose r - 4443 = -j, -7*r + g*r = -8. Is j a composite number?
True
Let q be ((-2)/(-2))/(2/10). Suppose -u - 18*u + 16 + 41 = 0. Suppose -q*g + 113 = -u*i + 3125, -4*i + 3*g + 4027 = 0. Is i composite?
False
Let o = -1 - -214. Let k(v) = 3*v**2 - 49*v - 77. Let n be k(18). Is ((-1)/5*o)/(n/(-65)) a composite number?
True
Let o = 176 - -2567. Suppose -5*i - 546 - o = -z, 0 = 4*z + 5*i - 13206. Is z prime?
True
Let m(a) = a**3 + 37*a**2 + 22*a - 37. Suppose -4*k + 4*s - 120 = 0, 0 = -2*k - 4*s - 33 - 45. Is m(k) a composite number?
False
Let u(j) = 1307*j**3 + 5*j**2 - 34*j + 207. Is u(5) prime?
False
Suppose 84*c = -4*c - 82*c + 68921230. Is c a prime number?
False
Let z(q) = 2*q + 10. Let t be z(-3). Suppose -o + 4*o + t*o = 0. Suppose -2408 - 2024 = -5*n + 3*b, 3*b - 3 = o. Is n a prime number?
True
Let f = 324 + 526. Suppose -3*c - 379 - 455 = -3*j, 3*c = -5*j - f. Let u = -117 - c. Is u a prime number?
True
Suppose 2371 = 4*n - 61. Suppose -408 = -8*i + n. Is i a composite number?
False
Suppose 2*z + 3*r = 76510, z - 2413 = 3*r + 35860. Is z a prime number?
True
Let u = 33626 + -24015. Is u composite?
True
Suppose -27 + 17 = -x. Suppose 2*y = 1962 + 1086. Suppose y = -4*k + x*k. Is k a composite number?
True
Suppose 4*a - 2*w = w + 5, 3*w = -2*a + 7. Suppose f + 4*f = -n - 6, 0 = n + f - a. Suppose -5*y - 3477 = -4*t, n*t - 4*y = -495 + 3967. Is t composite?
False
Suppose -1 + 25 = 6*i. Suppose i*z - 4 = 8. Suppose -y = 2*s - 1403, -3500 = -5*s + 2*y + z*y. Is s a composite number?
False
Let z be 12*1/(-4)*-2. Suppose -1658*y - 828544 = -1722*y. Suppose z*x + 2584 = y. Is x composite?
True
Is ((-46014)/(-9))/((-38)/(-171)) a prime number?
False
Let o = -32111 - -48121. Suppose 0 = -3*l - 5*p + o, 682 = -4*l + p + 21998. Let m = l + -2131. Is m a prime number?
False
Let p(u) = -u**2 + 5*u + 5. Let b be p(5). Suppose 26 = 5*w + 4*c, b*w + 3*c - 22 = -0*w. Suppose 0 = -3*y